NOAA-Style Climate Reports


Report for 2024 May
                   MONTHLY CLIMATOLOGICAL SUMMARY for May 2024


NAME: Barangay #60 Caloocan City PIMOHWEATHER Philippines                  
ELEV: 45 meters    LAT: 14-38.97 N    LONG: 120-58.67 E


                   TEMPERATURE (C), RAIN (mm), WIND SPEED (km/h)

                                         HEAT   COOL         AVG
      MEAN                               DEG    DEG          WIND                   DOM
DAY   TEMP   HIGH   TIME    LOW   TIME   DAYS   DAYS   RAIN  SPEED   HIGH   TIME    DIR
---------------------------------------------------------------------------------------
 01   32.7   36.8  14:33   28.8  05:05    0.0   14.3    0.0    7.6   80.6  12:52    135
 02   32.8   37.8  14:57   29.3  06:01    0.0   14.5    0.0    9.0   92.9  13:42     92
 03   31.9   35.6  14:14   28.9  05:38    0.0   13.6    0.0    7.9   60.5  13:04    188
 04   32.2   36.8  14:09   28.5  05:25    0.0   13.9    0.0    6.6   60.5  10:37     76
 05   32.1   36.3  15:44   27.8  05:50    0.0   13.8    0.0    8.0   72.7  13:35     60
 06   32.3   37.0  14:36   29.3  05:16    0.0   13.9    0.0    8.3   88.6  12:02    185
 07   32.6   37.4  14:23   29.1  06:08    0.0   14.3    0.0    6.8   68.4  12:40    178
 08   31.4   34.9  12:39   28.8  05:06    0.0   13.1    6.1    5.7   76.7  09:27     57
 09   31.9   36.2  15:03   27.6  16:38    0.0   13.6    6.9    5.2   72.7  16:12    185
 10   30.7   34.4  12:30   26.5  14:03    0.0   12.3   58.2    6.8  104.8  11:15    107
 11   30.9   35.3  14:57   27.9  05:57    0.0   12.6    0.0    6.4   44.3  11:12     13
 12   32.2   37.6  15:33   28.4  04:57    0.0   13.8    0.0    6.9   76.7  11:08    187
 13   31.9   36.8  14:17   25.5  23:45    0.0   13.5    1.5    8.5   96.8  15:23     15
 14   30.4   34.7  12:16   25.5  00:00    0.0   12.1    0.0    6.9   72.7  12:37     30
 15   32.0   36.1  15:16   26.8  23:10    0.0   13.6    0.5    9.1   72.7  11:23      1
 16   30.7   36.0  15:23   27.0  05:08    0.0   12.4   12.4    8.2   80.6  16:23     11
 17   30.7   36.5  15:15   27.0  22:36    0.0   12.4    0.5    7.7   72.7  12:09     13
 18   31.2   35.4  14:20   27.3  00:04    0.0   12.9    0.0    8.9   84.6  12:57    295
 19   30.4   34.8  13:56   28.1  23:00    0.0   12.1    0.0    6.8   92.9  13:11     52
 20   31.3   36.5  15:22   27.3  03:52    0.0   13.0    0.0    8.2   92.9  16:24    275
 21   31.4   35.7  14:19   27.8  05:21    0.0   13.1    1.8    7.8   80.6  11:05     26
 22   31.3   35.7  15:36   28.3  04:54    0.0   12.9    0.0    5.8   64.4  17:31     36
 23   32.9   37.4  15:37   29.7  04:45    0.0   14.5    0.0    6.0   48.2  02:18     62
 24   31.6   35.6  12:47   26.1  14:39    0.0   13.3   13.7    5.8   56.5  13:58     31
 25   29.3   32.3  14:26   25.9  23:44    0.0   11.0   31.0    6.1   80.6  13:14     44
 26   25.6   26.0  00:17   25.2  07:26    0.0    7.2   48.8   13.2   52.6  09:37     11
 27
 28
 29
 30
 31
---------------------------------------------------------------------------------------
      31.4   37.8     02   25.2     26    0.0  337.7  181.4    7.4  104.8     10     37